= 3*o - 39 + 12. Is o a multiple of 9?
True
Let k = -22 - -15. Let r(p) = -p**3 - 6*p**2 + 5*p - 10. Let o be r(k). Suppose 70 = 3*d + o. Is d a multiple of 11?
True
Suppose 3*c + 5 = -49. Let y be 6/(-4) - c/(-4). Is 18 a factor of (0 + y/4)*-12?
True
Does 14 divide (1 - 2) + -2 + (84 - 11)?
True
Suppose 2*z = -5*t + 138, -5*z + 163 = -4*t - 149. Suppose 5*r + j - z = -3*j, 3*j - 4 = -r. Is 13 a factor of r?
False
Let t = -61 + 76. Does 5 divide t?
True
Let t be 2 - (-3 + (-1 - -1)). Suppose -t = 5*h, 0*u - 2*u + 2*h + 12 = 0. Is u even?
False
Let a be (-1)/(-4) + (-15)/(-4). Let t be (2/a)/(1/6). Let c = t - -1. Is c a multiple of 2?
True
Suppose 0 = x - 146 + 30. Suppose -104 = -4*a + 3*p + 124, 2*a - p = x. Is a a multiple of 20?
True
Let j(d) = -4*d**3 - d**2 - 2*d + 4. Is 28 a factor of j(-4)?
True
Let t = 29 - 5. Let v = 31 - t. Does 2 divide v?
False
Suppose 0 = -5*m + j - 24, -2*m + 4*m = 3*j - 20. Let b = 9 + m. Suppose u - 27 = -2*u + b*v, -4*u - 2*v = -10. Does 3 divide u?
False
Suppose -6*z + 132 = -z - v, -12 = -4*v. Is 3 a factor of z?
True
Suppose 5*w - 5*r = 6880, -2*r = w - 427 - 937. Let z be 9/(-15) + w/20. Suppose -2*a + 6*a = z. Is a a multiple of 17?
True
Suppose 0*x = -x + 6. Let y = 15 - x. Is y a multiple of 9?
True
Let p be 30/9 + (-1)/3. Suppose 7*h - p*h - 84 = 0. Is h a multiple of 21?
True
Let u(h) = 6*h + 1. Is 25 a factor of u(7)?
False
Suppose -4*q - q + 2 = -i, i + 2 = 4*q. Let k be 0/(i - (-1 + 1)). Suppose 4*c + 3*u - 55 = k, c = 3*c - 4*u. Does 10 divide c?
True
Does 12 divide 252/6*3/2?
False
Let h be 10/3*(-6)/(-4). Suppose 4*s + h*x = 92, -29 = -3*s + 2*x + 40. Is 6 a factor of s?
False
Let h = 899 - 340. Suppose 2*c - 161 - h = 0. Suppose c = 4*f + f. Is f a multiple of 19?
False
Let n(w) be the third derivative of -w**6/120 + 17*w**5/60 + w**4/24 + 5*w**3/2 - w**2. Is n(17) a multiple of 16?
True
Suppose 0 = 3*h + 2*n - 9, -2*h - n + 6 = 2*n. Is 6 a factor of ((-9)/h - -3) + 18?
True
Does 8 divide (145/(-10))/(7/(-42))?
False
Let k(c) be the first derivative of 2*c**3/3 - c**2/2 + 3*c - 2. Does 9 divide k(3)?
True
Suppose -u + 3*a + 14 = 0, -3*a = -2*u + 1 + 21. Does 2 divide u?
True
Suppose 4*i + 574 = 5*v, -224 = -3*v - 4*i + 146. Suppose s = -0*s + v. Suppose 3*h + j - s = 0, -3*h + 5*j - j = -128. Is 15 a factor of h?
False
Suppose 0 = -5*i + 5*j + 555, -j - 2*j - 109 = -i. Does 16 divide i?
True
Let v be (-13)/(3*(-2)/(-12)). Let f = -6 - v. Does 7 divide f?
False
Let f(j) = -11*j - 10. Let m(c) = 11*c + 11. Let k(w) = -5*f(w) - 4*m(w). Let n be k(5). Let l = n + -34. Is 18 a factor of l?
False
Let g(j) = -j**2 + 6*j - 1. Suppose 4*t - 5*t = -5. Is g(t) a multiple of 2?
True
Let h = -19 - -13. Let s(l) = -l**2 - 6. Let t(n) = -n**2 + n - 6. Let c(m) = -7*s(m) + 6*t(m). Is c(h) a multiple of 2?
True
Let s = 0 + 9. Suppose -2*o - 5*z = -12 - 7, 3*z = s. Does 2 divide o?
True
Let g(n) = n + 1. Let x be g(3). Suppose -5*t = x*d + 129 - 356, 212 = 5*t - d. Does 17 divide t?
False
Let j be 2/(-1) + 6 + -2. Suppose 3*o - 15 = -j*o. Suppose o*q = -3*w + 8*w - 25, w - 3*q = -7. Does 3 divide w?
False
Let q be (2 - 14)*2/(-4). Suppose 0*b + p - 13 = -4*b, 3*b = -5*p - 3. Suppose 0 = -2*u + b*u - q. Is u a multiple of 2?
False
Let b = 10 + -3. Suppose 3*p + 168 = b*p. Does 20 divide p?
False
Suppose 0*g + 4*g = -8. Is 10 - 1*g*1 a multiple of 7?
False
Let b(i) = -52*i**2 + i - 1. Let c be b(1). Let t = 81 + c. Is t a multiple of 15?
False
Let b(q) = 11*q**2 + 3*q - 2. Let o be 1/(-6) - (-35)/30. Is 6 a factor of b(o)?
True
Suppose -9 = -j + 4*j. Let h(g) = 85*g - 11. Let u(n) = -28*n + 4. Let x(l) = j*h(l) - 8*u(l). Is 16 a factor of x(-1)?
True
Let z be (-16)/(-24) + (-16)/6. Let u = -2 - z. Is 7 a factor of (2 - 1) + (u - -6)?
True
Let t = -16 + 56. Is 13 a factor of t?
False
Let v(i) = -2*i - 2*i**3 - 2*i**3 + 3*i + 8*i**3. Suppose 0 = -4*n + 4. Does 5 divide v(n)?
True
Let o = 40 + 3. Suppose -j + 2*j = -2*n + o, -4*j = -2*n + 38. Does 7 divide n?
True
Does 2 divide (4 - (0 - 7)) + -3?
True
Suppose -27 = -4*t - 3. Let b = t - 6. Is -2 + 14 - (b + 0) a multiple of 12?
True
Suppose 0*u = 3*u + 54. Let p be (1 - 1) + -1 - -15. Let w = p - u. Is 12 a factor of w?
False
Let d = -5 + 9. Suppose -5*x + 152 = 3*i, 2*i + 0*i = d*x - 104. Is 14 a factor of x?
True
Suppose -2*d - 5 = -3*d. Suppose -3*y + w + 200 = 2*w, y - d*w - 88 = 0. Is 17 a factor of y?
True
Let h = 5 - 3. Let w = h + -2. Suppose 4*f - 53 = s + 18, w = 2*f + s - 31. Is 12 a factor of f?
False
Suppose 0 = 2*x - 3*x. Suppose -4*h + 44 = -x*h. Is 11 a factor of h?
True
Let r be (-3)/(-1 + -2)*4. Suppose -l = r*l - 80. Is l a multiple of 8?
True
Suppose 4 = s, 4*j + 3*s + 40 = 5*s. Let p(x) = 3*x**3 - x**2 - x + 2. Let y be p(-2). Let z = j - y. Is 11 a factor of z?
False
Suppose 4*d + 5*u - 12 = 0, 3*d = -u - 3*u + 9. Does 9 divide (33/(-6))/(d/(-6))?
False
Does 15 divide (1/(-2)*-2)/(5/1050)?
True
Let n(y) = -3*y + 4*y - 2*y. Let q be n(-7). Does 4 divide q*(18/7)/3?
False
Let s(u) = -u**3 - 7*u**2 - 2*u - 5. Is 2 a factor of s(-7)?
False
Suppose -3*j - 2*b - 2*b = 10, 5*j - b + 9 = 0. Let i(p) be the third derivative of p**5/5 - p**3/3 - 18*p**2. Is 23 a factor of i(j)?
True
Let j(v) = -v + 1. Let y be j(-1). Let q = -1 - y. Is 14 a factor of (q - 0)/(-3) - -13?
True
Let r(a) = a**3 - 12*a**2 - 26*a + 26. Does 27 divide r(14)?
True
Let j = 27 - 9. Is 12 a factor of j?
False
Suppose 0 = -5*s + 3*p + 209, 3*s - p - 126 = p. Is s a multiple of 4?
True
Let x(l) = 5*l - 5 - 6*l + 2*l + 1. Let n be x(4). Suppose n*z + z = 9. Is z a multiple of 4?
False
Let q = 128 + -77. Let k = q + -76. Let c = k - -42. Is c a multiple of 10?
False
Let t be (-172)/(-22) + (-8)/(-44). Let f = t + 16. Does 15 divide f?
False
Suppose -2*c = 4*i + 26, -5*c + 3*i + i - 23 = 0. Let g be 24/2*14/(-6). Let n = c - g. Is 7 a factor of n?
True
Suppose 2*b + 2*u = -2*b + 14, 10 = 3*b + 2*u. Suppose 0 = 2*t - b*t + 42. Is 7 a factor of t?
True
Let g(t) = t**2 + 2*t + 6. Let w be g(0). Let o = 0 + w. Is o a multiple of 2?
True
Let x(j) = -j**2 + 6*j - 7. Let t be x(7). Let k = t + 26. Is k a multiple of 4?
True
Let k = -2 - -4. Suppose b - 120 = -k*b. Let f = -2 + b. Does 16 divide f?
False
Let d(r) = -4*r**3 + 3*r**2 - 19*r - 11. Let h(x) = -2*x**3 + 2*x**2 - 9*x - 5. Let l(w) = 4*d(w) - 9*h(w). Does 20 divide l(4)?
False
Let c = 5 + 0. Let u = c - 1. Is 2 a factor of u?
True
Let c = 3 - 0. Suppose 2*d = c*d - 33. Does 11 divide d?
True
Suppose 172 = 4*t - 4*f - f, 4*f = -4*t + 172. Suppose 5*k - t - 2 = -5*z, 4*z - 3*k = 29. Does 7 divide z?
False
Let s = -14 - -11. Let l(p) = -21*p + 6. Is 23 a factor of l(s)?
True
Let d(g) = -g**2 + 14*g + 7. Is d(5) a multiple of 25?
False
Suppose a - 2*m - 36 = 2*m, -2*a = -m - 58. Is a a multiple of 7?
True
Suppose -84*k + 81*k = -972. Is 12 a factor of k?
True
Let o = -9 - -39. Suppose 14 = 2*d - o. Is d a multiple of 7?
False
Suppose -3*a + 15 = 0, 2*t - a - 3 = -4. Suppose 3*g + t = 2*g - 5*k, g + 3 = -4*k. Is 5 a factor of (0 + 1)*(1 - g)?
False
Suppose 0 = 6*d - 2*d - 112. Is 7 a factor of d?
True
Suppose 15 + 0 = 5*y. Let u be y/(-3)*1*-99. Let o = -69 + u. Is 15 a factor of o?
True
Let a(g) = -3*g**2 + 13*g - 7. Let s(m) = -2*m**2 + 6*m - 4. Let d(l) = -3*a(l) + 5*s(l). Let z be -2 + 1/(-1) + -1. Is 20 a factor of d(z)?
False
Suppose q - 3*h = 7 + 11, 3*h = 2*q - 45. Does 9 divide q?
True
Let k be ((-1)/3)/(16/(-2352)). Suppose o - i - 19 = -o, -2*o - 5*i = -k. Does 10 divide o?
False
Suppose -6 = 2*m - 0. Let n be (-2)/3 + (-14)/m. Suppose 0 = 3*o + 2*v - 21, 0*o - 5*v = -n*o + 5. Is o a multiple of 5?
True
Let g = 3 - 1. Suppose g*f = -4 + 46. Is 7 a factor of f?
True
Suppose -4*w - h + 6*h = -236, 4*h = 5*w - 286. Suppose -5*q + 4*b + 210 = 0, -2*q = -b - 33 - w. Is 14 a factor of q?
False
Let b be (-16)/(8/(-3) + 2). Suppose 0*z = -3*z + b. Is 3 a factor of z?
False
Let r(o) = 0*o - o + 0 + 1 + 12*o**2. Let p(z) = -3*z**2 - 31*z + 23. Let g be p(-11). Does 4 divide r(g)?
True
Suppose 3*w + 0 - 6 = 0. Suppose 33 = 3*c - 3*i, 4*i - w*i = 10. Does 16 divide c?
True
Suppose 13 = -2*q - 3*v + 44, 0 = -5*q - 5*v + 90. Let a = 33 - q. Does 4 divide a?
False
Let p be 0 - 4/(8/(-6)). Suppose -p*g + 16 - 1 = 0. Suppose 4*a + g = 17.